 prime number?
False
Is 1501408079 composite?
False
Is 27028809669 a prime number?
False
Is 1826542469 prime?
True
Is 259264750481 composite?
True
Is 198684847 prime?
True
Is 3146996933 prime?
True
Is 47234445601 composite?
True
Is 474019223 a prime number?
False
Is 1082055577 a composite number?
True
Is 5356344449 a prime number?
True
Is 1415681 a composite number?
False
Is 1581925607 prime?
False
Is 406442363 prime?
True
Is 952591613 composite?
False
Is 3870756563 a prime number?
True
Is 3529563029 composite?
True
Is 647606159 a prime number?
True
Is 305547259 a composite number?
False
Is 7588478239 a prime number?
True
Is 1019417717 a prime number?
False
Is 177985573 a prime number?
True
Is 44147219791 a composite number?
True
Is 443981711 prime?
False
Is 356974319 composite?
True
Is 16385237471 prime?
True
Is 3588749761 prime?
True
Is 741547493 a composite number?
False
Is 1374296723 composite?
False
Is 309703669 a composite number?
True
Is 753463093 prime?
True
Is 1591674311 a prime number?
False
Is 29559534541 prime?
True
Is 295145453 a prime number?
False
Is 353218351 a composite number?
False
Is 12019984187 a prime number?
True
Is 1162702547 prime?
True
Is 2462196197 composite?
False
Is 1220148883 composite?
True
Is 375272214319 a prime number?
False
Is 868120607 composite?
False
Is 3949100461 composite?
False
Is 6861547351 composite?
True
Is 4879440107 composite?
True
Is 39894988339 composite?
True
Is 2407985477 prime?
False
Is 228823841 composite?
True
Is 1816695113 composite?
True
Is 2730035239 a composite number?
True
Is 288736260331 a composite number?
False
Is 125800589 composite?
False
Is 72241344218 composite?
True
Is 596880861 composite?
True
Is 16528232603 a prime number?
True
Is 78660458041 prime?
False
Is 15857901749 prime?
False
Is 4315894573 a composite number?
True
Is 223917563 a prime number?
True
Is 4048096181 composite?
False
Is 4409098469 prime?
True
Is 15752306221 a prime number?
True
Is 3064553429 composite?
True
Is 69832771867 prime?
True
Is 3223492817 prime?
True
Is 2767830437 a composite number?
False
Is 13017635011 a prime number?
True
Is 1288648919 prime?
True
Is 116238971 prime?
False
Is 1364382637 composite?
False
Is 85667797349 prime?
False
Is 26999131807 composite?
True
Is 8856749815 a prime number?
False
Is 10912633967 a prime number?
False
Is 774434957 a prime number?
False
Is 26031528779 composite?
True
Is 5742967273 a composite number?
True
Is 1764512593 prime?
True
Is 595613617 prime?
False
Is 54399026249 prime?
False
Is 1690539773 composite?
True
Is 25441070485 composite?
True
Is 84488431 prime?
True
Is 435494987 a prime number?
False
Is 682030159 composite?
True
Is 16492563959 a prime number?
False
Is 536160041 prime?
True
Is 232502287 prime?
True
Is 5251035409 a prime number?
False
Is 104299523129 a composite number?
False
Is 9120831667 a composite number?
False
Is 405869934641 composite?
True
Is 3322486591 composite?
False
Is 1470024679 a prime number?
True
Is 1623900667 a prime number?
True
Is 557689651 a composite number?
False
Is 818868233 prime?
False
Is 119918828609 composite?
True
Is 26057423537 a prime number?
True
Is 11691712957 a prime number?
False
Is 9815016179 prime?
True
Is 1724439179 a prime number?
True
Is 628098479 composite?
False
Is 19728829559 a composite number?
True
Is 11094000793 a composite number?
True
Is 240020069 prime?
False
Is 1322276419 composite?
True
Is 752348315 composite?
True
Is 678623317 prime?
True
Is 1866406414 a prime number?
False
Is 55949841721 prime?
False
Is 12199437933 a prime number?
False
Is 406255673 prime?
True
Is 3059921251 a composite number?
False
Is 139070058379 composite?
True
Is 861258793 prime?
True
Is 49111901 a composite number?
True
Is 175655729 composite?
False
Is 2826025577 prime?
True
Is 16430291 a composite number?
True
Is 272064103 a prime number?
False
Is 417560971 prime?
False
Is 62200999433 a composite number?
False
Is 12561342283 a composite number?
True
Is 25354496053 a prime number?
True
Is 246550907 a composite number?
True
Is 4534603693 a composite number?
False
Is 13103589515 a prime number?
False
Is 9776927491 a prime number?
False
Is 44194214357 composite?
False
Is 34893641927 a prime number?
True
Is 1262283689 a prime number?
True
Is 583997987 prime?
True
Is 50820923311 composite?
False
Is 2396787383 a composite number?
False
Is 2024594233 composite?
False
Is 1088968079 composite?
True
Is 839079889 composite?
False
Is 381490723 a prime number?
False
Is 9321894379 composite?
True
Is 691534999 a composite number?
True
Is 43039337293 prime?
True
Is 141232571 a prime number?
True
Is 37031122741 a prime number?
True
Is 14535240763 a composite number?
False
Is 2236136671 a composite number?
True
Is 8856148445 prime?
False
Is 5121786983 a composite number?
False
Is 1861353694 a composite number?
True
Is 1157070037 prime?
False
Is 9708189341 composite?
False
Is 25372979285 a prime number?
False
Is 1239955631 prime?
False
Is 430885811 composite?
False
Is 21981695941 prime?
False
Is 3790255039 a prime number?
True
Is 68173273147 prime?
False
Is 2130868283 a prime number?
True
Is 1531537373 a prime number?
False
Is 13430702243 prime?
False
Is 11503973935 prime?
False
Is 315082493 composite?
True
Is 4164016629 composite?
True
Is 120213269213 prime?
True
Is 10476690863 a composite number?
False
Is 2104301713 a composite number?
False
Is 1076021347 composite?
False
Is 168312113903 composite?
False
Is 2136576229 a composite number?
False
Is 754616119 prime?
True
Is 2356622197 a composite number?
True
Is 6295504337 composite?
False
Is 2033413643 composite?
True
Is 110090137 prime?
False
Is 18688443539 a prime number?
True
Is 279219184791 composite?
True
Is 71545194197 a prime number?
False
Is 23763607761 composite?
True
Is 435342863 a prime number?
True
Is 57757566227 a composite number?
True
Is 566547851 prime?
True
Is 49377179903 a prime number?
True
Is 70903509587 a prime number?
False
Is 512481037 a composite number?
True
Is 45233905357 composite?
True
Is 3053181617 a prime number?
False
Is 239739427 a prime number?
True
Is 2113962843 a composite number?
True
Is 82193101 a composite number?
True
Is 12831490387 a composite number?
False
Is 28702117127 prime?
False
Is 1790460733 a prime number?
True
Is 6511542433 a composite number?
True
Is 678971507 a composite number?
True
Is 369472091 composite?
False
Is 152159909 a composite number?
True
Is 44854704619 a prime number?
False
Is 3556995121 a prime number?
True
Is 588099733 a prime number?
False
Is 132895515547 composite?
False
Is 1733569687 a composite number?
False
Is 215705417 composite?
False
Is 6891965903 a composite number?
True
Is 12508433657 a prime number?
True
Is 84810538609 a prime number?
True
Is 184541121233 composite?
True
Is 383254163 composite?
False
Is 7134398549 composite?
False
Is 10948278961 a prime number?
True
Is 211802795 a composite number?
True
Is 14035097399 a composite number?
False
Is 27820362919 composite?
True
Is 827995079 prime?
False
Is 9131561321 a prime number?
False
Is 6162569899 a prime number?
False
Is 22762603 a prime number?
True
Is 119280926 a composite number?
True
Is 10330134655 a composite number?
True
Is 10652652757 composite?
False
Is 576932051 a prime number?
False
Is 1002199673 a prime number?
False
Is 488979457 composite?
True
Is 96423351 a composite number?
True
Is 2725904789 prime?
False
Is 1307956145 composite?
True
Is 9821588027 composite?
True
Is 72925619267 prime?
True
Is 5100918359 prime?
False
Is 420077863 composite?
False
Is 11346089758 a composite number?
True
Is 7335734099 a composite number?
False
Is 241319949007 prime?
True
Is 3447554437 a prime number?
False
Is 5134219241 prime?
True
Is 10616024383 a composite number?
False
Is 2023512691 composite?
True
Is 774971251 composite?
True
Is 25271459 a prime number?
False
Is 1564002647 prime?
False
Is 5098619909 composite?
True
Is 6720097429 a prime number?
True
Is 37364893103 composite?
False
Is 9400976837 prime?
False
Is 11943441569 a prime number?
False
Is 60215990017 prime?
True
Is 408407053 prime?
True
Is 28886562689 a composite number?
True
Is 17719412455 prime?
False
Is 80543412989 a composite number?
True
Is 227343979 composite?
False
Is 333299035 a prime number?
False
I